1, 3581
What are the prime factors of 10961035?
5, 2192207
What are the prime factors of 175212?
2, 3, 31, 157
What are the prime factors of 190292?
2, 113, 421
What are the prime factors of 7769492?
2, 23, 79, 1069
What are the prime factors of 768947?
59, 13033
List the prime factors of 275016.
2, 3, 7, 1637
List the prime factors of 668595.
3, 5, 29, 53
List the prime factors of 462283.
113, 4091
What are the prime factors of 594589?
547, 1087
What are the prime factors of 94360?
2, 5, 7, 337
What are the prime factors of 778537?
778537
List the prime factors of 21367849.
1447, 14767
What are the prime factors of 16383472?
2, 7, 19, 7699
What are the prime factors of 7963885?
5, 1592777
List the prime factors of 2039411.
11, 185401
List the prime factors of 35957.
41, 877
List the prime factors of 857397.
3, 181, 1579
What are the prime factors of 12386642?
2, 17, 364313
What are the prime factors of 825257?
877, 941
What are the prime factors of 2445742?
2, 13, 109, 863
What are the prime factors of 1352196?
2, 3, 37561
What are the prime factors of 1291860?
2, 3, 5, 7177
List the prime factors of 153585.
3, 5, 3413
What are the prime factors of 1030475?
5, 47, 877
List the prime factors of 2274086.
2, 227, 5009
What are the prime factors of 4457557?
13, 342889
List the prime factors of 2529809.
2529809
List the prime factors of 19975010.
2, 5, 11, 113, 1607
List the prime factors of 68791.
68791
List the prime factors of 709542.
2, 3, 39419
List the prime factors of 2856644.
2, 7, 102023
What are the prime factors of 7610648?
2, 951331
List the prime factors of 15760241.
7, 17, 132439
What are the prime factors of 245441?
7, 5009
List the prime factors of 1719607.
1719607
What are the prime factors of 313899?
3, 19, 5507
What are the prime factors of 248250?
2, 3, 5, 331
List the prime factors of 12845615.
5, 19, 23, 5879
What are the prime factors of 16406752?
2, 512711
What are the prime factors of 4495064?
2, 7, 11467
What are the prime factors of 4635714?
2, 3, 772619
List the prime factors of 4510997.
1259, 3583
List the prime factors of 5496111.
3, 19, 32141
What are the prime factors of 1826201?
13, 140477
List the prime factors of 226150.
2, 5, 4523
List the prime factors of 693332.
2, 29, 43, 139
List the prime factors of 169584.
2, 3, 3533
List the prime factors of 4945229.
607, 8147
What are the prime factors of 2485660?
2, 5, 37, 3359
What are the prime factors of 1818583?
13, 139891
What are the prime factors of 5112589?
277, 18457
What are the prime factors of 2126421?
3, 11, 47, 457
What are the prime factors of 147678?
2, 3, 151, 163
What are the prime factors of 689524?
2, 11, 15671
List the prime factors of 151306.
2, 75653
List the prime factors of 224278.
2, 112139
List the prime factors of 658022.
2, 73, 4507
What are the prime factors of 19973222?
2, 9986611
What are the prime factors of 255700?
2, 5, 2557
What are the prime factors of 1337444?
2, 239, 1399
What are the prime factors of 561994?
2, 280997
What are the prime factors of 5422533?
3, 1807511
What are the prime factors of 5478324?
2, 3, 23, 863
List the prime factors of 573285.
3, 5, 38219
List the prime factors of 9677629.
13, 47, 337
What are the prime factors of 53413?
31, 1723
What are the prime factors of 31534?
2, 15767
List the prime factors of 7253747.
17, 426691
What are the prime factors of 9885216?
2, 3, 11, 23, 37
What are the prime factors of 1466571?
3, 433, 1129
List the prime factors of 840706.
2, 420353
What are the prime factors of 35989?
17, 29, 73
What are the prime factors of 3305595?
3, 5, 220373
What are the prime factors of 45939?
3, 15313
List the prime factors of 231281.
41, 5641
What are the prime factors of 63579?
3, 21193
List the prime factors of 13922858.
2, 19, 149, 2459
List the prime factors of 21285075.
3, 5, 7, 40543
List the prime factors of 1182534.
2, 3, 197089
What are the prime factors of 2305920?
2, 3, 5, 1201
List the prime factors of 609663.
3, 203221
List the prime factors of 20129406.
2, 3, 11, 37, 8243
What are the prime factors of 109471?
109471
List the prime factors of 217520.
2, 5, 2719
List the prime factors of 3504331.
29, 149, 811
List the prime factors of 1893870.
2, 3, 5, 11, 1913
List the prime factors of 3871587.
3, 29, 44501
What are the prime factors of 7322608?
2, 59, 7757
What are the prime factors of 1226336?
2, 19, 2017
List the prime factors of 359291.
359291
What are the prime factors of 363381?
3, 59, 2053
List the prime factors of 2025584.
2, 11, 17, 677
List the prime factors of 12969443.
12969443
List the prime factors of 46724.
2, 11681
List the prime factors of 478408.
2, 7, 8543
List the prime factors of 21539214.
2, 3, 643, 1861
List the prime factors of 964696.
2, 120587
What are the prime factors of 78844?
2, 23, 857
List the prime factors of 1044433.
13, 80341
List the prime factors of 1821844.
2, 455461
List the prime factors of 9178913.
2207, 4159
List the prime factors of 13580404.
2, 3395101
What are the prime factors of 4253924?
2, 947, 1123
What are the prime factors of 11106924?
2, 3, 925577
List the prime factors of 20207965.
5, 4041593
List the prime factors of 91564.
2, 11, 2081
What are the prime factors of 11879606?
2, 5939803
What are the prime factors of 344993?
11, 79, 397
List the prime factors of 1071468.
2, 3, 3307
List the prime factors of 1217611.
1031, 1181
What are the prime factors of 1530685?
5, 13, 23549
List the prime factors of 217813.
139, 1567
What are the prime factors of 926791?
719, 1289
What are the prime factors of 20181546?
2, 3, 7, 11, 14561
List the prime factors of 6677142.
2, 3, 1112857
List the prime factors of 137909.
137909
What are the prime factors of 202306?
2, 13, 31, 251
List the prime factors of 11769984.
2, 3, 17, 601
What are the prime factors of 6052162?
2, 3026081
List the prime factors of 11746720.
2, 5, 73417
List the prime factors of 12438129.
3, 11, 29, 41, 317
List the prime factors of 2103.
3, 701
What are the prime factors of 135147?
3, 19, 2371
What are the prime factors of 304282?
2, 11, 13831
List the prime factors of 1067287.
13, 19, 29, 149
What are the prime factors of 131583?
3, 23, 1907
List the prime factors of 1218844.
2, 11, 27701
What are the prime factors of 110431?
110431
What are the prime factors of 4315525?
5, 53, 3257
List the prime factors of 55875.
3, 5, 149
List the prime factors of 35029.
23, 1523
List the prime factors of 165237.
3, 55079
What are the prime factors of 8612351?
11, 782941
List the prime factors of 3026495.
5, 107, 5657
List the prime factors of 435642.
2, 3, 17, 4271
What are the prime factors of 298663?
97, 3079
What are the prime factors of 372086?
2, 11, 13, 1301
What are the prime factors of 8343562?
2, 4171781
List the prime factors of 912091.
97, 9403
What are the prime factors of 931750?
2, 5, 3727
What are the prime factors of 11872096?
2, 353, 1051
What are the prime factors of 20421950?
2, 5, 263, 1553
List the prime factors of 1404480.
2, 3, 5, 7, 11, 19
List the prime factors of 8897075.
5, 11, 32353
List the prime factors of 521412.
2, 3, 43451
List the prime factors of 11493838.
2, 277, 20747
List the prime factors of 4602355.
5, 277, 3323
What are the prime factors of 402355?
5, 80471
What are the prime factors of 3797988?
2, 3, 316499
What are the prime factors of 882165?
3, 5, 23, 2557
List the prime factors of 1151809.
113, 10193
List the prime factors of 8550754.
2, 4275377
What are the prime factors of 158051?
61, 2591
What are the prime factors of 3748604?
2, 937151
What are the prime factors of 9119254?
2, 1871, 2437
List the prime factors of 19463225.
5, 778529
What are the prime factors of 635061?
3, 7, 30241
List the prime factors of 5176516.
2, 1294129
List the prime factors of 335165.
5, 67033
List the prime factors of 2043541.
2043541
What are the prime factors of 264741?
3, 17, 29, 179
What are the prime factors of 16885012?
2, 17, 248309
List the prime factors of 960305.
5, 149, 1289
List the prime factors of 236781.
3, 26309
What are the prime factors of 2544793?
2544793
What are the prime factors of 6299830?
2, 5, 19, 71, 467
What are the prime factors of 11178097?
7, 1596871
What are the prime factors of 5416029?
3, 157, 3833
List the prime factor